= -z*v - 10 - 1, -16 = -4*q - 2*v. Suppose -4*l - q*i = -25, 31 = 5*l + 5*i + 1. List the prime factors of l.
7
Let d = 20 + -7. Let q be d/3 + (-2)/(-3). Suppose 5*s = -o + 45, 4*s - s + 1 = q*o. What are the prime factors of s?
2
Let a be 50/225 - (-1780)/9. Suppose -5*w + a = g + g, g - 3*w = 121. List the prime factors of g.
109
Let f(k) = -k**2 - 1. Let s(y) be the third derivative of y**5/30 + y**4/4 + 11*y**3/6 + 5*y**2. Let n(g) = -3*f(g) - s(g). What are the prime factors of n(11)?
47
Let b = -70 - -73. Suppose 5*a - 92 = -3*o, -2*o - b*a + 132 = 3*o. What are the prime factors of o?
2, 3
Let m = -150 - -256. Let o = m + -50. Suppose 25 = 3*f - o. What are the prime factors of f?
3
Let b = 466 - 219. List the prime factors of b.
13, 19
Let h(w) = -13*w**3 + w**2 + w + 4. Suppose 6 - 2 = -2*a. Let o be h(a). Suppose -3*q - o = -8*q. List the prime factors of q.
2, 11
Let v = 1095 - 635. What are the prime factors of v?
2, 5, 23
Suppose -6*r + 1328 = -2*r. What are the prime factors of -2*r/8*-1*1?
83
Suppose 3*n - 1405 = 2*k, -658 - 1457 = 3*k - 2*n. What are the prime factors of (k/(-14))/(2/4)?
101
Suppose 154*p = 163*p - 6336. What are the prime factors of p?
2, 11
Let b be (1 - (3 + -2))/1. Suppose -4*h + 216 = -b*h - 5*p, 5*h - 5*p = 270. What are the prime factors of h?
2, 3
Let s(o) = -1828*o + 314. What are the prime factors of s(-2)?
2, 5, 397
Suppose 12 = 4*p - p. Let l(i) be the second derivative of i**4/12 - i**3/3 - i**2 + 23*i. What are the prime factors of l(p)?
2, 3
Suppose -2*a - 2*j - 26 = 0, -5*j = -5*a - 18 - 37. Let d = a - 4. List the prime factors of ((-59)/(-2))/((-8)/d).
59
Suppose 0 = 2*z + 5*l - 795, -496 = -4*z - 4*l + 1076. Suppose 8*t = 2*t + z. List the prime factors of t.
5, 13
Suppose -3*b - 1 = -5*y - 5, 4*b = 3*y + 20. Suppose 12 + b = l. List the prime factors of l.
2, 5
Let o(f) = 3*f**2 + 3*f. Let d(i) = 5*i**2 + 5*i + 1. Let u = 6 - -1. Let b(n) = u*o(n) - 4*d(n). List the prime factors of b(4).
2
Suppose 0 = 5*w - 13 + 3. Let g(z) = -z**2 + 0*z**2 + 3*z**w + 23*z - 26*z. List the prime factors of g(4).
2, 5
Let c(t) be the third derivative of t**4/24 + 17*t**3/6 - 120*t**2. Let k(o) = 2*o - 1. Let b be k(-6). List the prime factors of c(b).
2
Let r be 5/(5/(-3)) - (3 - -16019). List the prime factors of r/(-125) - 8/(-10).
3, 43
Let p(g) = -g - 7. Let d be p(-8). What are the prime factors of (67/1)/(2 - d)?
67
Let z(y) = y**3 - 18*y**2 + 21*y + 7. Suppose -2*u - 22 = -56. List the prime factors of z(u).
3, 5
Let b(p) = p**2 + 7*p + 8. Let f = -24 + 17. List the prime factors of b(f).
2
Let w be (3/(-9) - 1)*(-12)/(-4). What are the prime factors of ((-2)/w)/(4 - (-559)/(-140))?
2, 5, 7
Let d = -3975 + 6639. List the prime factors of d.
2, 3, 37
Let o(l) = -60*l. Let p = 13 + -15. Let j be o(p). Suppose -2*t + 68 = 4*x, j = 4*t - 3*x - 5. List the prime factors of t.
2
Suppose 0 = 2*g - 2*r - 3536, -g - 4*r + 1759 = -2*r. What are the prime factors of g?
5, 353
Suppose -4*x + 2*y + 350 = 0, -3*x = -0*x + y - 260. Let d = 125 - x. List the prime factors of d.
2, 19
Suppose 0 = 4*q + 8, 3*u - q - 4*q = 10. Suppose u = 4*b, -5*m - 2*b + 14 + 1 = 0. What are the prime factors of m?
3
Let w be (-10)/(-35) - 52/(-14). Let c(d) = 2*d**2 - 3*d - 4. Let p be c(3). Suppose 0 = -w*x + 65 - p. List the prime factors of x.
3, 5
Let u be (-10 - -2)*(31/(-2) + -3). Let j = u - 119. What are the prime factors of j?
29
Let j = 822 - 159. What are the prime factors of j?
3, 13, 17
List the prime factors of 2453/4 - (-230)/(-184).
2, 3, 17
Let f = -516 - -925. List the prime factors of f.
409
Let i = 5839 - 3821. List the prime factors of i.
2, 1009
Let z = 19 + -9. Let h = 19 - z. List the prime factors of -2*h/6 + 15.
2, 3
Let s = -15 - -15. Suppose 2*f - 6*f + 20 = s. Suppose -v + 18 + f = 0. List the prime factors of v.
23
Suppose -3*x + 953 = -379. What are the prime factors of x?
2, 3, 37
Let g = 645 - 462. List the prime factors of g.
3, 61
Let k(v) = -3*v + 12*v + 2 + v**2 - 4*v. Let r be k(-5). Suppose r*n - 20 = 2. What are the prime factors of n?
11
Let r = 2293 + 1029. What are the prime factors of r?
2, 11, 151
Let z(y) be the first derivative of 2*y**2 - 4*y - 1. Let f = 1543 + -1541. List the prime factors of z(f).
2
Suppose 0 = 4*w - 16, 4*c - w + 96 - 864 = 0. Let a = c - 94. What are the prime factors of a?
3, 11
Let y = -124 + 52. Let n = 157 + y. List the prime factors of n.
5, 17
Let y(g) = -82*g - 763. List the prime factors of y(-45).
2927
Let h be 27/(-9)*860/6. Let t = 724 + h. Suppose -2*x = -9*x + t. What are the prime factors of x?
2, 3, 7
Let a(p) = 4*p**2 + 5*p - 2. Let w be a(-7). Suppose -7*x + w = -4*x. List the prime factors of x.
53
Suppose 8*m - 5*m - 1506 = 0. Let o = m + -312. List the prime factors of o.
2, 5, 19
Let q(o) = -3*o**3 - 8*o**2 - 6*o - 37. What are the prime factors of q(-7)?
2, 3, 107
Let h = 861 + 1471. List the prime factors of h.
2, 11, 53
Suppose -2*t = -0*t - 10. Suppose 0 = 4*d - t*d + 95. What are the prime factors of d?
5, 19
Suppose -21*z + 6365 = -17113. What are the prime factors of z?
2, 13, 43
Let i = 2662 + -1466. What are the prime factors of i?
2, 13, 23
Let y = -66 - -66. Suppose u + 1 = y, 2*u - 470 = -4*f + 4*u. List the prime factors of f.
3, 13
Suppose 2*y - 13 - 143 = 0. Let b = y + -18. What are the prime factors of b?
2, 3, 5
Let b(g) = 39*g**2 + 132*g + 22. What are the prime factors of b(-9)?
1993
List the prime factors of 15883/14 + 3/6.
5, 227
What are the prime factors of 775/4 - ((-5)/4 + 1)?
2, 97
Let x(v) = -16*v - 2. Let d be x(-6). Let g = d + 59. What are the prime factors of (1 + 0)/(9/g)?
17
Suppose -2*h - h = -b - 1, -3 = 3*b - 2*h. List the prime factors of (-3)/4 - (b - (-902)/(-8)).
113
Let w(d) = 55*d + 78. What are the prime factors of w(4)?
2, 149
Suppose 4 = 3*l - 11. Let y = l - -3. Suppose 12*w - 8 = y*w. List the prime factors of w.
2
Suppose -15*h = -462 - 12423. What are the prime factors of h?
859
Let a = -1091 + 1556. Suppose 4*g = 16, -a = -5*r - 5*g - 0*g. What are the prime factors of r?
89
Let c(g) = -29*g + 1. Let m(n) = 14*n. Let y(r) = 4*c(r) + 7*m(r). List the prime factors of y(-2).
2, 5
Suppose v = -4*v - 35. Let p = v - -18. List the prime factors of p.
11
Let f = -165 + 540. What are the prime factors of f?
3, 5
Suppose 5*d + 3*t = -0*t + 248, 0 = -2*d + 4*t + 120. Let s = 86 - d. What are the prime factors of s?
2, 17
Let p = 6189 + -3601. List the prime factors of p.
2, 647
Suppose -107 = 3*w - 4*y, 4*w + 221 = 2*y + 65. Let t = w - -84. List the prime factors of t.
43
Let v be -2*(3/6 - 2). Suppose 0 = -v*z - 10 + 25. Suppose -z*s + 3*n + 150 = -2*n, 18 = s + 3*n. What are the prime factors of s?
3
Let o = -163 - -65. Let x = o + 147. What are the prime factors of x?
7
Let a(l) = -l**2 + 31*l + 86. Let r be (-2)/7 + (-963)/(-63) + 1. What are the prime factors of a(r)?
2, 163
Let k(q) = -16*q - 14. Let z be k(-11). Suppose 2*m + 3*p = z, -4*p = 5*m + 57 - 469. List the prime factors of m.
2, 3, 7
Let f(s) = -9*s. Let d be f(-2). What are the prime factors of (-2)/(-9) + 410/d?
23
Let o = -4 - 3. Let y(u) = u**3 + 8*u**2 + 6*u - 4. Let c be y(o). Suppose 3*h = -k + 50, -2*k + c*h = -h - 120. What are the prime factors of k?
2, 7
Let y = 557 - -12. List the prime factors of y.
569
List the prime factors of (378 + 12)*24/10.
2, 3, 13
Suppose -88*d + 92*d - 632 = 0. What are the prime factors of d?
2, 79
Let x(o) be the second derivative of o**5/20 + 3*o**4/2 + 13*o**3/6 - 3*o**2/2 + 17*o. List the prime factors of x(-17).
5, 13
Suppose -8*h + 16*h = 11664. What are the prime factors of h?
2, 3
Let s = 903 - 115. What are the prime factors of s?
2, 197
Let s = 40 - 45. List the prime factors of (1/s - (-298)/(-10))/(-2).
3, 5
Suppose 68 - 5 = 3*v. Suppose 11 = l + q, -3*l = -5*l - q + v. Suppose 3*w - l - 8 = 0. List the prime factors of w.
2, 3
Suppose -6*h + 11*h - 46 = y, -4*h - 3*y = -52. Suppose -4*i = -30 + h. Suppose -i*t - 385 = -5*k, 4*t + 69 - 265 = -3*k. List the prime factors of k.
2, 3
Suppose -5*l = -2*z + 4571, 0 = -5*z + z + 3*l + 9177. List the prime factors of z.
2, 3, 383
Let y = -18 + 0. List the prime factors of (-6)/4*(-12)/y - -7.
2, 3
Let k be -1 + 3 - 10/5. Let s be 0*3/1